Let f = -1 + 2. Suppose f = -a - 1. Determine l(a).
-1
Suppose o = 5*a - 14, 3*o + 15 - 3 = 0. Let b(q) = -1 + 1 + q**a + 1 - q**3. Let k(z) = -z**3 + 2*z**2 + 2. Let w(t) = -2*b(t) + k(t). Calculate w(1).
1
Let g(o) = -6*o - 1. Suppose 5*j = 5*d + 30, j - 5*d + 4 = -2*d. Let h = j - 12. Determine g(h).
5
Let a(y) = 7*y**2 + 4*y + 3. Let i(o) = -15*o**2 - 8*o - 7. Let f(c) = -c - 2. Let l be f(-8). Let s(q) = l*i(q) + 13*a(q). Determine s(-5).
2
Let w be (-2)/(-3) - (-32)/6. Let t(v) = -v**2 + 2*v. Let c(s) = 7*s**2 - 17*s - 4. Let n(f) = -c(f) - 6*t(f). What is n(w)?
-2
Let u(i) = i**3 - 2*i + 3. Suppose -3*d = 3*q - q - 16, -4 = 3*d - 2*q. Calculate u(d).
7
Let a(u) = -8*u**3 - u. Let y = -6 - -7. What is a(y)?
-9
Let m(w) = -w**3 + 3*w**2 + 4*w + 4. Let l(s) = 3*s**2 - 2*s + 3. Let x be l(1). Determine m(x).
4
Let d(o) = o**3 + 7*o**2 + o + 4. Let s be d(-7). Let g be s - ((-9)/(-3) - 2). Let i(p) = p**2 + 4*p + 6. What is i(g)?
6
Let d = 161 + -164. Let z(o) = -3*o - 4. What is z(d)?
5
Let t(g) be the first derivative of -g**2/2 + 2*g + 35. Suppose 2*i = -0*i. Suppose i*j - 3*j = 0. Determine t(j).
2
Let p(r) = -r**2 + r - 1. Let t = 0 + 2. Suppose t*a - 1 = -5, -4*v + 2*a = -8. Suppose 3*u + v = 7. Give p(u).
-3
Let j(d) = d**3 + d**2 + 2*d. Let i = 6 - 5. Let k = -3 + i. What is j(k)?
-8
Let y(i) be the first derivative of -2*i**2 - 4*i - 10. Calculate y(3).
-16
Suppose -4*o = -5*o. Suppose y + 4*y - 15 = 0. Let u(r) = r**y + o*r**3 + 3*r + r - 5*r**2. Calculate u(4).
0
Let s(h) = -2*h. Let f be -3*(2 + (-6)/9). Let k(j) = -2*j. Let w(p) = f*k(p) + 5*s(p). Calculate w(4).
-8
Let o(t) = t + 23. Let g be o(-11). Suppose 5*i + 14 - 33 = -3*k, -g = -2*k - 3*i. Let b(p) = -4 + 2*p + 5*p - k*p - 3*p. Calculate b(-5).
-9
Let z(w) = w**3 + w**2 - w + 4. Let t be z(0). Let a(k) = -k - k + k - t*k**2. Let l = 1 + 0. Give a(l).
-5
Let a be 1 + (-2 - -3 - 3). Let r be (-5)/20 + a/(-4). Let i(c) = 2 + r*c - 2*c**2 + 2*c - 3 + 3. Calculate i(2).
-2
Let d = 23 + -21. Let h(y) = -y**2. Give h(d).
-4
Let o(d) = d**2 - 2*d - 5. Let t(p) = -p. Let l be t(-4). Let a be 15/l - (-5)/20. Give o(a).
3
Let u(h) = -2*h + 4. Let t be (-2 + 8)/3*(-7)/2. Calculate u(t).
18
Suppose 5*r = 10 - 0. Let v(q) = q**2 + 4*q - 3. Give v(r).
9
Let b(f) be the first derivative of f**2/2 + 6*f + 33. Calculate b(-5).
1
Suppose -k - 16 = 5*w, -3*k = w - 5 - 3. Let r(z) be the second derivative of -1/2*z**3 + 2*z**2 + 1/12*z**4 - z + 0. Determine r(k).
8
Let z(i) = 10*i**2 - i + 1. Suppose -4*a + 22 = -6*a - 3*u, -2*u - 8 = 0. Let s = a - -6. Give z(s).
10
Let t(k) = -k**3 - 2*k**2 - 3. Let h be (12/(-16))/((-1)/(-4)). Calculate t(h).
6
Let w(g) = -2*g + 12. Let q(a) = a - 1. Let k(s) = 3*q(s) + w(s). Give k(0).
9
Let m(c) = -2*c**2 - 6*c - 2. Let a(l) = -l**2 - 5*l - 2. Let x(r) = 5*a(r) - 4*m(r). Let q(w) be the first derivative of x(w). What is q(-1)?
-7
Let f(m) = -m**3 + 2*m**2 - 2. Suppose 0*u - 5*u = 0. Suppose u = -5*j - 3*l - 14 + 33, 5*j - 4*l + 2 = 0. What is f(j)?
-2
Let x(t) = t**2 - 6*t + 6. Let r be x(5). Let g(y) = -8*y - 1. Give g(r).
-9
Let h be 12/54 - (-32)/18. Let w(k) = -3*k**3 + k**2 + 2*k - 2. What is w(h)?
-18
Let z(l) = -5*l + 5 + l**2 + 0*l**2 - 2*l**2 + 3*l. Calculate z(-5).
-10
Let o(j) = 4*j**2 + j - 6. Let d(u) = -7*u**2 - 2*u + 11. Let h(q) = -3*d(q) - 5*o(q). Let v(m) be the first derivative of h(m). Determine v(3).
7
Let p(k) = k**2 - 4*k + 1. Let o be p(4). Let j(d) = -d - 3. Let z(y) = -3*y - 5. Let t(u) = -7*j(u) + 4*z(u). What is t(o)?
-4
Let m(w) be the second derivative of 0*w**2 + 0 + 1/2*w**4 + 1/6*w**3 + 3*w. Let j = -2 - -3. Give m(j).
7
Let g(i) be the first derivative of 2*i**2 - 2*i**2 + 1 - 2*i**2. Suppose -y - 3*d + 5 = -d, -5*d + 13 = 2*y. Calculate g(y).
4
Let w(z) = 2*z - 17. Suppose 0*o = -5*o + 40. Let g be w(o). Let n(h) = 3*h + 0*h + 3*h. Determine n(g).
-6
Let t = -23 - -38. Let g = t + -16. Let c(d) = -10*d**3 + d**2 + d. What is c(g)?
10
Let x(a) = 4*a**2 + 4*a. Let w(y) = y**2 + 1. Let d(p) = -3*w(p) + x(p). What is d(-5)?
2
Let r = 2 - 4. Let p(f) be the second derivative of 0 - 1/2*f**2 + f + 1/20*f**5 + 1/4*f**4 + 1/6*f**3. Calculate p(r).
1
Let u(j) = 8*j**2 + 3*j + 2*j - 3*j - 5*j**2 + j**3. Determine u(-2).
0
Let c(g) = -1 - 2*g - g**2 - 2*g - 4*g**2. Suppose 4*d - 7*d - 24 = -5*j, 4*j - 3*d = 18. Let h(u) = -u**2. Let y(o) = j*h(o) - c(o). Determine y(3).
4
Let o = 145 - 137. Let n(h) = -h + 14. Calculate n(o).
6
Let u(l) = -4*l - l + 4*l. Let v(a) = a**3 - 13*a**2 + a - 11. Let h be v(13). Suppose 0*y + h = -y. Calculate u(y).
2
Let i(d) = -d**3 + d**2 + 2*d - 2. Let k be (-1 + 3/6)*(-14 - -8). Calculate i(k).
-14
Let u = 2 - 1. Let w(c) = 3*c - 1 - u + 3. Give w(-1).
-2
Let w(j) = j + 1. Let p(d) = -3*d - 6. Let o(x) = 3*p(x) + 12*w(x). Suppose -6*g - 28 = -13*g. Determine o(g).
6
Suppose -6 = 3*u - 4*g + 1, -4*g = -4*u - 8. Let q(w) = 13*w**3. Calculate q(u).
-13
Let i = 9 - -5. Let v be (-2)/(-3) + i/6. Let y(r) = 0 + r**v - 2*r**3 - 4 - 4*r**2 + 3*r. Calculate y(-5).
6
Let r(u) = 6*u**3 - 6*u**2 - 1. Let x(n) = -6*n**3 + 5*n**2 + 1. Let o(p) = 6*r(p) + 7*x(p). Calculate o(-1).
6
Let j be 3*5/45*15. Let b(m) = 4*m**2 + 2*m + 2. Let d be b(-2). Suppose -16 = 2*p - j*s + d, -p + s = 9. Let v(t) = -t**2 - 5*t + 2. Determine v(p).
2
Let x be (-3 - 6*2)/(24/(-16)). Let v(n) = -n**3 + 9*n**2 + 11*n - 5. What is v(x)?
5
Suppose -h = 3*h - 20. Let f(q) = -3 - 4*q**2 - q**3 - q**2 + 10*q**2 + q**2 - 5*q. What is f(h)?
-3
Let l be ((-8 + -1)/3)/1. Let p(v) = -9*v - 12. Let z(h) = -2*h - 5*h - 6 + 2*h. Let d(s) = l*p(s) + 5*z(s). Determine d(-5).
-4
Suppose 2*p - 2*a + 10 = 0, -7*p = -3*p + 4*a + 28. Let b(z) = -z**3 - 6*z**2 + 2*z - 5. Determine b(p).
-17
Let l be (-2)/5 + (-108)/(-20). Suppose 2*x - 6 - 10 = 2*c, -l*c = -x + 28. Let p(q) = 0*q**2 + 0*q**x + 2*q**2 - q**3 - q - q**2 - 8. Determine p(0).
-8
Let i(p) be the first derivative of p**3/3 - p**2/2 + 3*p - 31. What is i(0)?
3
Let k(m) = m**3 - 4*m**2 + 2. Let i be (18/(-21))/((-1)/(-7)). Let j be i*(-2 - (-5)/2). Let a be (-1 - j)/(2/4). Determine k(a).
2
Suppose -4*n + 4*s - 8 = -28, 3*n + 5*s = -9. Let r(v) = -n*v**2 + 3*v + 0 + 3 - 1 + 0. Give r(3).
-7
Let i(s) = -s**2. Let a(d) = -4*d**2 - 5*d - 5. Let g(u) = -a(u) + 3*i(u). Determine g(-5).
5
Let h(t) be the second derivative of -11*t**3/6 - 9*t. Determine h(-1).
11
Let o = 0 - -3. Let y(p) be the second derivative of -p**5/20 + p**4/6 + p**3/3 - 3*p**2/2 - 5*p. Determine y(o).
-6
Let g(k) be the second derivative of -k**5/20 + k**4/12 - k**3/6 + 2*k**2 + 3*k. Calculate g(0).
4
Let h(q) = q**2 + 6*q + 7. Let z(m) = 6*m - 4. Let o be z(4). Suppose 2*y + 9 = 5*y. Suppose y*d + d = -o. Determine h(d).
2
Let h(c) = -6*c + 5*c + 3*c - 10 - c. Calculate h(0).
-10
Let d(b) = 3*b**3 + 7*b**2 - 6*b + 8. Let y(h) = 4*h**3 + 7*h**2 - 5*h + 10. Let p(k) = 3*d(k) - 2*y(k). Give p(-8).
4
Suppose -3*k = k - 8. Suppose 25 = k*w + 2*r + 3*r, -w = -2*r + 1. Let y(n) = -n**3 + 6*n**2 - 4*n - 7. What is y(w)?
-2
Let b be (-3)/(-9) + 33/9. Let h(m) = 0*m + 0 - 3*m - 1. What is h(b)?
-13
Let n(d) = -d**3 - 6*d**2 + 2*d + 9. Let s be n(-6). Let t(z) = -z - 2. Determine t(s).
1
Let k(z) = 56 - 33 - 30 + 2*z. What is k(-5)?
-17
Let i(k) be the third derivative of 0 - 1/120*k**6 + 0*k**4 + 1/60*k**5 + 2*k**2 + 0*k + 7/6*k**3. Let s = 0 + 0. What is i(s)?
7
Suppose -4*g - 5*z = 11 + 20, 5*g - 5*z = -5. Let n(w) = -w**3 - 6*w**2 - 4*w + 2. Give n(g).
-14
Let u(q) = 4*q - q - 5 - 2*q - 4*q. Let f(w) = -2*w - 3. Let a(m) = -8*f(m) + 5*u(m). Determine a(-2).
-3
Let j = 1 - -3. Let f(b) = b + b + 0*b - 4. Give f(j).
4
Let c = 17 + -10. Suppose c*b = 3*b - 4*s - 12, 5*b = -s - 3. Let n(j) = -j**2 - j + 8. Determine n(b).
8
Let i(s) be the first derivative of -7 - 1/3*s**3 + 4*s**2 - 8*s. Determine i(6).
4
Let o = -6 - -2. Let f(m) = -2*m**2 - 4*m + 5. What is f(o)?
-11
Let j(y) = -5*y**3 + y**2 - 2*y + 1. Let f(r) = -r**3 - 3*r**2 + 5*r + 6. Let h be f(-4). Suppose -4*b - h + 6 = 0. What is j(b)?
-5
Let j be -12*(4 + 17/(-4)). Suppose 4*n - j*a - 22 = 0, 4*a + 2 + 2 = -n. Let x(g) be the first derivative of g**4/4 - 4*g**3/3 + 4*g + 1. Determine x(n).
4
Suppose 0 = -4*s + w + 12, 0*s + 3*w + 8 = -2*s. Let u(o) = -2 - o**s + o + 4 + o*